 = t + 3. Let d be c(0). Let h be (10/(-15))/((-2)/d). Let a(n) = 2 + 1 + 4*n - h. Determine a(2).
10
Suppose 9 + 5 = -2*c. Let d(u) = -2*u**2 - 18*u - 11. Let v be d(-8). Let m(i) = 12 - 13*i - v*i - i**2 - 4 + 11*i. What is m(c)?
8
Let q(a) = a**3 + 13*a**2 + 12*a - 7. Let n be ((-7)/(-1) + -9)/((-2)/(-12)). Determine q(n).
-7
Suppose -3*a = 3 - 0. Let t(u) = 8*u + 3. Let s(k) be the first derivative of -20*k**2 - 16*k - 5. Let o(j) = -2*s(j) - 11*t(j). Determine o(a).
7
Let r(b) be the third derivative of b**4/24 - 4*b**3/3 - 8*b**2. Let c(v) = -v + 7. Let q(u) = 7*c(u) + 6*r(u). Determine q(1).
0
Let h = 9 - 10. Let l(m) = -m**3 - 7*m**2 + 1. Let k(g) = 20*g - g**2 - 9*g - 11*g. Let n(c) = -5*k(c) + l(c). Determine n(h).
0
Let f(j) = -23*j + 5. Let i(m) = 5*m. Let z(a) = -f(a) - 5*i(a). Calculate z(9).
-23
Let j(n) = -9*n - 1. Let o = 30 + -36. Let b(u) = -2*u. Let c(y) = o*j(y) + 26*b(y). Calculate c(-6).
-6
Suppose 0 = -4*z + z - 18. Let u(q) = -q - 3*q**2 + 5 + 2*q**2 + 0*q**2 - 4*q. What is u(z)?
-1
Let n(b) = -b**2 + 5*b + 2. Suppose 0 = 3*r - 24 + 6. Give n(r).
-4
Suppose 31 = 5*x + 2*c - 7, 4*x + 3*c = 36. Suppose p + x = 3*p. Let i(g) = -6 + g**2 + 2 + 3 - 5*g + p. What is i(3)?
-4
Let z(g) = 347*g**3 + 346*g**3 - 694*g**3 - 4*g**2 + 2*g - 1 + 0. What is z(-5)?
14
Let u(a) = 2*a + 2. Let n(g) = 3*g + 4. Let h(p) = -3*n(p) + 5*u(p). Let o(b) = 3*b**2 - 17*b + 6. Let r be o(5). Calculate h(r).
-6
Let t(v) = v**2 + 7*v - 7. Let w = -15 + 5. Let l(s) = s**3 + 10*s**2 + s - 8. Let u be l(w). Let a = u + 11. Give t(a).
-7
Let q(k) = -k**3 - 8*k**2 - 9*k + 9. Suppose 14 = -21*a - 133. Calculate q(a).
23
Suppose 0 = 2*z + 3*g + 9, -36 + 13 = 3*z - 5*g. Let k(d) = -3*d - 8. Give k(z).
10
Let m be (-54)/(-13) - (-6)/(-39). Let h(q) = 2*q - m - 12*q**2 + 25*q**2 - 14*q**2 + 0*q. Give h(3).
-7
Let s(j) = -17*j**2 + 2*j - 4. Let c be (68/(-12) + 5)/((-8)/24). Calculate s(c).
-68
Let z(d) = -5*d**3 - 10*d**2 - 8*d + 4. Let m be (2*2/6)/(86/387). Let p(f) = 4*f**3 + 9*f**2 + 7*f - 3. Let g(n) = m*z(n) + 4*p(n). What is g(-3)?
15
Let h(c) be the first derivative of c**6/30 - c**3/6 - 12*c**2 + 9. Let s(u) be the second derivative of h(u). Give s(1).
3
Let m(z) = z**2 + 2*z. Let t = -146 - -149. Give m(t).
15
Let t(n) be the third derivative of -n**5/60 - n**4/3 + 2*n**3/3 - 5*n**2. Suppose 0 = 4*x - 48 + 80. Calculate t(x).
4
Let c(a) = a**2 - 6*a + 9. Suppose -g + 8 = -5*y, -6 = 5*g - y - 22. What is c(g)?
0
Let m(o) = -2*o**2 - 3*o - 1. Let q(y) = -3*y + 88. Let s be q(29). Determine m(s).
-6
Suppose -3*m + 18 = 3. Let q = -8 + m. Let y(l) = l**3 + 4*l**2 - l - 4. Calculate y(q).
8
Let g(v) = v**3 - 2*v + 1. Let p = -5 + 7. Let m(o) = -o**3 + o**2 + 4*o - 3. Let q be m(p). Determine g(q).
0
Let a(p) = -215*p + 8 + 218*p + 5 + 4 + 2. Give a(-5).
4
Let l be (-3*(-3)/9)/((-15)/(-195)). Let j(f) = f**3 - 13*f**2 + 2*f - 15. Determine j(l).
11
Let j(o) = 2*o + 15. Let a = -332 + 324. Calculate j(a).
-1
Let d(i) = 180*i**2 + 1 - 101*i**2 - 3 - 83*i**2. Calculate d(-2).
-18
Let t(o) = -o + 8. Let n(m) = 10*m + 546. Let a be n(-53). What is t(a)?
-8
Let z(t) = -t**3 - 10*t**2 - 8*t + 8. Let d(x) = x**2 - 9*x + 9. Let s be d(11). Suppose -2*l - 2*y = -3*l - 7, 4*l - 5*y + s = 0. Determine z(l).
-1
Let l(q) = q**2 - q + 1. Suppose -5*r - 2*j + 60 = 3*j, 4*r = 4*j + 48. Let y(x) = 9*x**2 + 66*x + 9. Let v be y(-7). Let u = r + v. Determine l(u).
1
Let u be (-126)/(-15) - 4/10. Let z be 13 - (u + -3 - 3). Let j = z + -7. Let m(i) = i + 5. Calculate m(j).
9
Let w(f) = -f**3 - 6*f**2 + f - 1. Suppose -8 = -l - t, 4*t - 13 = -2*l + 11. Suppose -l*m - 6 = 18. Determine w(m).
-7
Let j(l) be the second derivative of -l**4/12 + l**3/2 - 3*l**2/2 + l. Let z = -25 - -46. Suppose 6 = -z*b + 24*b. What is j(b)?
-1
Let b = -354 + 350. Let c(x) = x**3 + 5*x**2 - 4*x - 4. Give c(b).
28
Let b(c) = -c + 16. Let f = 1078 - 1068. Give b(f).
6
Let h(f) be the second derivative of -f**4/12 - f**3/2 - 2*f**2 - 5*f. Suppose t + r = -6, -3*r = 3*t - 4*r + 18. Let d = 3 + t. Give h(d).
-4
Let y = 251 - 249. Let d(l) = 2*l**3 + 3*l**2 - 2*l. Give d(y).
24
Let t(c) = 6*c + 3. Let h(x) = -21*x - 88. Let g be h(-4). Give t(g).
-21
Suppose 0 = -5*u, 9*f = 5*f - 5*u + 68. Suppose -2*s - 52 = -4*v, -5 = -5*s + 5. Let r = f - v. Let j(d) = -d**2 + d. Give j(r).
-6
Let m(t) = -7 - 2 - 2 + t. Let s be m(-7). Let b = s + 23. Let i(p) = p**3 - 6*p**2 + 6*p - 3. What is i(b)?
2
Let f = -7 - -7. Suppose -3*k + 35 - 8 = f. Suppose 4*m + 0*p = -p - 12, 3*m = 4*p - k. Let o(n) = 3*n + 2. Calculate o(m).
-7
Let k(j) = -j**2 + 16*j - 21. Let p be ((-1)/(-3)*-4)/(8/(-84)). Calculate k(p).
7
Let u(v) = -2*v**2 + v. Let m be u(-3). Let a = m + 23. Let c(i) = -2*i**3 + 2*i + 1. Give c(a).
-11
Let h(t) = -2*t + 9. Let f be h(6). Let b be f/6 + 5/2. Let i(j) = 7*j**b - j**3 + 7*j - 6 + 4*j**3 - 2*j**3. Determine i(-6).
-12
Let s(y) be the third derivative of -27*y**2 + 0 + 1/4*y**4 + 1/60*y**5 + 5/6*y**3 + 0*y. Suppose -3*k + 2*i - 20 = k, 3*k - 2*i + 16 = 0. Calculate s(k).
-3
Let q(v) = -7*v - 1. Suppose 3*t - 12 = 2*s, -5*t = -2*s - 9 - 11. What is q(t)?
-29
Let y(j) = 25*j**2 - 1. Let p = 143 - 140. Suppose -p*x + 14 = -5*z + 6, -2*x + 7 = -5*z. Calculate y(z).
24
Let f(r) = r**3 + 2*r**2 + 2*r - 1. Let b(h) = -h**3 - 2*h**2 + 15*h + 2. Let u be b(-5). What is f(u)?
19
Suppose 3*u = -2*u + 10. Let n(z) = -2 - u - z - 1. Let v(g) = -3*g**2 + 15*g - 5. Let b be v(5). Determine n(b).
0
Let v(x) = -x**2 - 7*x - 3. Let c = -2149 - -2146. Determine v(c).
9
Let k(u) be the first derivative of -2/3*u**3 - u**2 + 4*u + 23. Determine k(-3).
-8
Let r(f) = -3*f**2 + 32*f - 23. Let a be (-56)/(-4) - (2 + 1). Let p(z) = 19 + 4*z**2 - 3*z**2 - 11*z - a. Let o(u) = 8*p(u) + 3*r(u). Determine o(7).
2
Let c be -42 - -1 - (-2 + 4). Let h = -39 - c. Let a(n) = n**3 - 4*n**2 - 5*n + 5. Determine a(h).
-15
Let m(z) = z**2 + z - 9. Let u be (-90)/(-675) + 146/30. Calculate m(u).
21
Let y be 2*(-3)/(-24)*36. Let h(l) = -y*l + 2 - 10*l - 3 + 0. Determine h(-1).
18
Let t be 12/(-18)*(2 - 17). Let j(i) = -2*i - t*i - i**3 + 16*i + i**2. Determine j(3).
-6
Let g(a) = -a**3 - 8*a**2 + a + 3. Let v = -9 - -41. Suppose 3*k - 7*k - v = 0. Calculate g(k).
-5
Let g(j) = 2*j**2 - 26*j + 10. Let w = -2101 - -2114. Calculate g(w).
10
Let v be (-135)/18*4/(-6). Let y(w) = -15*w - 13. Let b(s) = -23*s - 20. Let t(l) = -2*l + 2. Let c be t(5). Let n(h) = c*y(h) + v*b(h). What is n(-3)?
-11
Let t(u) = -7*u**3 - 16*u**2 - 24*u - 20. Let v(i) = 13*i**3 + 31*i**2 + 46*i + 38. Let z(o) = 11*t(o) + 6*v(o). Give z(-9).
-19
Let h(t) = 3*t. Let u = -6 - -6. Let i(z) = u*z + 2*z + 0*z - z. Let w(s) = -h(s) + 4*i(s). Give w(-2).
-2
Let s(b) = 5*b - 8 + 22 - 9 + b**2. Give s(-5).
5
Let a(p) = 5*p**2 - 7*p - 7. Let g(v) = -6*v**2 + 6*v + 1. Let o(h) = 5*h**2 - 5*h - 1. Let m(l) = 4*g(l) + 5*o(l). Let w(c) = a(c) - 4*m(c). What is w(5)?
7
Let g(f) = 16*f**2 + 18*f**2 + 18*f - 18*f - 1 - 44*f**2. Let q(b) = b**3 + 5*b**2 + b + 1. Let u be q(-5). Let r = u - -5. What is g(r)?
-11
Let n = 7 + -4. Let x(l) = -10*l**3 + 2*l + 2. Let t be x(-1). Let p(u) = -t*u + 0*u + n*u - 3 + u**2. Determine p(5).
-13
Let t be (1/1 - -3)*6/12. Let m(x) = -2*x**t + 4*x**2 - 3*x**2 - 2 + 4*x. What is m(3)?
1
Let f(m) = m**3 + 10*m**2 - 11*m + 2. Let k be 11/2*(-5 - -3). Calculate f(k).
2
Let u(i) = 6*i. Suppose -2*q + 13 = -13. Let p = q + -11. Let y be ((-1)/p)/((-7)/14). What is u(y)?
6
Let m(q) be the third derivative of 17*q**4/24 + q**3/6 - 2*q**2 + 106. Calculate m(-1).
-16
Let d(x) = -x**3 - 5*x**2 + 13*x. Suppose -18 = -i - 25. Calculate d(i).
7
Suppose -4*v + 7 = -9. Let i(m) = 10 + v + 6*m - 2*m - 2*m. Let p be i(-6). Let a(j) = -7*j + 3. Give a(p).
-11
Let n = -1 - -3. Suppose -3*u - 26 = n*x, 2 = -3*u + 4*u - 2*x. Let y(s) = s**3 + 6*s**2 - 3*s - 6. Calculate y(u).
12
Let r(a) = a**3 - 5*a**2 - 4*a - 8. Suppose -8*t = -4*t - 16. Let j = 7 - t. Suppose z = j*z - 12. Determine r(z).
4
Let q be (-114)/(-152) - (1/(-2) - -1). Let u(m) be the first derivative of -m**2 - q*m**4 + 0*m**3 + 1 - m. Calculate u(-1).
2
Suppose 4*k - 4*n + 9*n = 80, -2*n - 52 = -4*k. Let g(h) = -h**2 + 13*h + 28. What is g(k)?
-2
Suppose 0*v + 3*v = v. Let f(z) = -z + 7. Give f(v).
7
Let